 6*k + 2. Calculate u(2).
-46
Let g(i) = 2*i**3 - 5*i**2 - 10*i - 13. Give g(-4).
-181
Let w(t) = 18*t**2 + 3*t + 1. Calculate w(2).
79
Let w(c) = -c - 7. Calculate w(1).
-8
Let w(k) = -k**2 + 6*k + 14. Give w(8).
-2
Let y(m) = m**3 - 3*m**2 - 2*m + 23. What is y(4)?
31
Let c(a) = -2*a**2 + 15*a + 40. Calculate c(9).
13
Let v(r) = 7*r + 1. Calculate v(7).
50
Let t(c) = c**2 - 19. What is t(-6)?
17
Let l(n) = 18*n**2 - 3*n + 3. Calculate l(1).
18
Let k(f) = 39*f**2 - 1. What is k(-1)?
38
Let q(a) = 43*a**2 - 2*a + 5. Determine q(2).
173
Let z(y) = y - 4. What is z(9)?
5
Let g(w) = -w**3 - 12*w**2 - 11*w - 11. Give g(-11).
-11
Let r(g) = -g**2 + 18*g + 4. Determine r(6).
76
Let j(n) = 2*n**2 + 27*n + 8. Give j(-4).
-68
Let t(f) = -f**3 - 3*f**2 - f. Give t(-2).
-2
Let g(u) = -17*u**3 - 1. Give g(-1).
16
Let s(q) = -4*q**2 + 6*q - 4. Give s(4).
-44
Let n(u) = -27*u + 23. Determine n(1).
-4
Let m(d) = -d - 8. Calculate m(8).
-16
Let c(j) = -5*j - 4. Determine c(-4).
16
Let x(p) = -p**2 - 5*p + 76. Determine x(6).
10
Let j(c) = -c**3 + 2*c**2 + 2*c - 4. Give j(-3).
35
Let u(m) = m**2 + 22*m - 74. Determine u(3).
1
Let l(g) = 16*g - 1. Determine l(1).
15
Let c(a) = -98*a + 3. Determine c(1).
-95
Let m(n) = 10*n**3 + n**2 + 2*n. Determine m(-1).
-11
Let t(d) = 2*d**2 + 15*d + 8. Calculate t(-7).
1
Let g(l) = l**2 - 16. Give g(-5).
9
Let a(q) = -q**3 + 5*q**2 + 8*q - 9. Give a(6).
3
Let b(k) = -34*k + 29. What is b(1)?
-5
Let o(w) = -8*w - 3. Give o(-3).
21
Let b(p) = 7*p**2 - 13*p + 61. What is b(4)?
121
Let w(t) = 2*t**3 - 5*t + 1. Calculate w(2).
7
Let o(f) = -f**3 - f**2 + 3*f + 1. Determine o(-3).
10
Let s(k) = -28*k**2 + 164*k + 20. Calculate s(6).
-4
Let i(p) = 4*p - 17. Give i(-12).
-65
Let r(q) = 5*q + 4. Determine r(-2).
-6
Let y(b) = -b**3 - 7*b**2 + 14*b - 27. Determine y(-9).
9
Let f(k) = k**2 + 16*k + 15. Give f(-15).
0
Let y(c) = -22*c + 28. Calculate y(0).
28
Let j(w) = -2*w**2 - 44*w - 33. Give j(-21).
9
Let q(g) = 7*g + 347. What is q(-51)?
-10
Let m(i) = i**2 - 10*i - 10. Determine m(11).
1
Let n(a) = a**2 - 12*a + 25. Give n(10).
5
Let y(i) = 3*i**2 + 45*i + 9. What is y(-13)?
-69
Let j(q) = q**3 - 15*q**2 + 12*q - 1. Determine j(14).
-29
Let p(z) = -3*z**2 + 2*z + 11. Give p(4).
-29
Let w(l) = l**2 - 30*l + 4. Calculate w(30).
4
Let c(r) = -3*r + 2. What is c(4)?
-10
Let q(s) = -16*s + 559. Give q(35).
-1
Let v(m) = -82*m + 659. Give v(8).
3
Let y(v) = v**3 - 14*v**2 + 14*v - 15. Give y(13).
-2
Let s(c) = c**3 + 20*c**2 + 20*c + 15. What is s(-19)?
-4
Let o(j) = -j**3 - 17*j**2 - 3*j - 46. Determine o(-17).
5
Let z(n) = 2*n**3 + 21*n**2 - 15*n - 49. What is z(-11)?
-5
Let a(l) = 2*l**2 + 11*l - 195. Determine a(-13).
0
Let o(l) = l**3 - 20*l**2 - l + 20. Determine o(20).
0
Let p(l) = 4*l + 7. Calculate p(-3).
-5
Let h(i) = 2*i**3 + 9*i**2 - 5*i. Determine h(-5).
0
Let d(q) = q + 2. Determine d(-2).
0
Let n(x) = 2*x**3 + 26*x**2 + 22*x - 28. What is n(-12)?
-4
Let r(m) = 12*m**3 + 2*m**2 - 3*m + 2. Give r(1).
13
Let m(t) = -t**3 + 3*t**2 + 4*t - 6. Give m(4).
-6
Let v(p) = -6*p - 61. What is v(-13)?
17
Let p(r) = -r - 6. Give p(-7).
1
Let v(h) = -2*h - 80. Give v(-37).
-6
Let a(w) = -26*w - 10. Give a(-1).
16
Let x(g) = -5*g + 77. Calculate x(20).
-23
Let a(q) = q**3 - 5*q**2 - 7*q + 4. Calculate a(6).
-2
Let f(i) = i**3 + 15*i**2 + 16*i + 20. Determine f(-14).
-8
Let z(t) = t**2 + 10*t - 6. Give z(-12).
18
Let o(r) = 7*r - 3. What is o(-2)?
-17
Let l(b) = -11*b + 37. Calculate l(3).
4
Let z(d) = d**3 - 40*d**2 + 43*d - 162. Give z(39).
-6
Let t(l) = -24*l + 20. Determine t(4).
-76
Let j(r) = r**2 + 13*r + 9. Calculate j(-12).
-3
Let d(b) = -b**3 - 24*b**2 - 23*b - 14. Give d(-23).
-14
Let o(h) = 4*h**3 + 2*h + 2. What is o(-1)?
-4
Let m(w) = -w**2 + 12*w + 11. What is m(12)?
11
Let u(c) = -73*c + 294. Determine u(4).
2
Let j(i) = -i**2 - 40*i - 165. Calculate j(-35).
10
Let h(u) = u**3 + 37*u**2 + 69*u - 52. What is h(-35)?
-17
Let u(d) = d**3 + 3*d**2 + d - 2. What is u(0)?
-2
Let n(d) = 2*d**2 + 32*d - 30. Calculate n(-17).
4
Let s(u) = -65*u + 46. Calculate s(3).
-149
Let h(a) = a**2 - 7*a + 17. Calculate h(6).
11
Let s(j) = -j**3 + 7*j**2 + 16*j + 8. Determine s(9).
-10
Let b(y) = y**2 - 14*y + 2. Give b(13).
-11
Let h(g) = -3*g**2 + 6*g + 5. Give h(5).
-40
Let f(w) = -3*w**3 + 2*w**2 + 3*w - 3. Determine f(2).
-13
Let f(m) = -m**2 + 6*m + 1. What is f(3)?
10
Let d(l) = -l**2 + 15*l - 19. Calculate d(13).
7
Let j(y) = 14*y**2 - y. Give j(-1).
15
Let i(r) = -6*r - 174. Determine i(0).
-174
Let p(q) = -q**2 + 22*q + 723. Determine p(40).
3
Let u(k) = -k**3 + 9*k**2 - 10*k + 9. Calculate u(8).
-7
Let w(t) = -t**2 - 143*t + 7. Determine w(0).
7
Let f(i) = 4*i**3 + 4*i**2 - 4. Calculate f(-2).
-20
Let y(m) = 4*m + 4. Determine y(-7).
-24
Let f(k) = -k - 30. Determine f(2).
-32
Let o(h) = 2*h**2 - 31*h - 16. Give o(17).
35
Let d(o) = o**3 + 4*o**2 + 8. Determine d(-4).
8
Let i(f) = 31*f - 132. What is i(5)?
23
Let m(f) = -4*f**2 - 86*f + 31. What is m(-22)?
-13
Let t(c) = -4*c**2 + c + 4. What is t(-3)?
-35
Let w(g) = g**3 + 8*g**2 + 4*g - 17. What is w(-7)?
4
Let y(i) = i**3 - 8*i**2 + 4*i - 17. Calculate y(8).
15
Let k(h) = -h**3 - 2*h**2 + 3*h + 15. What is k(-3)?
15
Let g(d) = -2*d - 67. Calculate g(-24).
-19
Let s(w) = 18*w + 78. Give s(-4).
6
Let p(c) = -4*c**2 - 114*c - 24. Give p(-28).
32
Let y(f) = f**3 + f**2 + 22. Give y(0).
22
Let p(q) = q**3 - 12*q**2 - 5. What is p(12)?
-5
Let w(p) = -p**3 + 8*p**2 + 4*p - 21. Calculate w(6).
75
Let w(y) = y**3 - 12*y**2 - 5. Calculate w(12).
-5
Let s(t) = -6*t - 11. What is s(-9)?
43
Let f(c) = -c + 28. Determine f(12).
16
Let s(f) = 65*f + 52. What is s(-1)?
-13
Let m(t) = -t**2 + 4*t + 26. Determine m(8).
-6
Let o(h) = h**3 - 6*h**2 - 8*h - 6. Calculate o(7).
-13
Let g(l) = 5*l**2 - 8*l - 4. Give g(0).
-4
Let i(d) = -d**2 + 3*d - 6. Give i(3).
-6
Let i(s) = 2*s**2 + s - 81. Determine i(0).
-81
Let k(d) = -d**3 - 7*d**2 + 3*d + 10. Calculate k(-7).
-11
Let w(c) = -2*c**3 - 10*c**2 - 2*c - 3. Determine w(-6).
81
Let f(m) = -13*m**2 - 2*m - 2. Give f(-1).
-13
Let l(a) = 4*a - 12. What is l(11)?
32
Let f(x) = -x**3 + 19*x**2 + 23*x - 18. What is f(20)?
42
Let l(y) = y**2 - 16*y - 8. Give l(14).
-36
Let d(g) = -g**3 - 9*g**2 + g - 11. Determine d(-9).
-20
Let a(c) = 2*c**2 - c - 1. Calculate a(3).
14
Let i(s) = s**3 + 5*s**2 + 2*s + 4. Calculate i(-4).
12
Let y(l) = l**2 - 53. Determine y(0).
-53
Let r(c) = -19*c - 138. Give r(-7).
-5
Let z(q) = 2*q**3 - 4*q**2 + 3*q. Give z(1).
1
Let q(z) = 2*z - 25. Calculate q(14).
3
Let t(y) = -4*y - 3. Determine t(-1).
1
Let w(j) = -4*j**3 - j**2 + 4. Calculate w(-2).
32
Let a(f) = -f**3 + 7*f**2 - 4. Determine a(3).
32
Let w(b) = b**3 - 19*b**2 + 21*b - 42. What is w(18)?
12
Let m(a) = a**2 + 2*a. Calculate m(-4).
8
Let v(f) = -38*f - 193. Calculate v(-5).
-3
Let c(r) = -r**3 - 28*r**2 + 30*r + 3. Calculate c(-29).
-26
Let g(c) = -c**3 + c**2 + 2*c + 4. What is g(3)?
-8
Let i(d) = 2*d**3 + 58*d**2. What is i(-29)?
0
Let x(m) = 4*m + 41. What is x(5)?
61
Let v(p) = -p**2 + 6*p + 32. Calculate v(8).
16
Let t(f) = f**2 - 9*f. What is t(8)?
-8
Let t(c) = -c**2 + 4*c - 3. Calculate t(2).
1
Let x(o) = -o**2 - 15*o. Determine x(-8).
56
Let r(y) = 9*y - 98. Give r(12).
10
Let z(h) = h**3 - 5*h**2 - 4*h - 4. Calculate z(6).
8
Let k(u) = 38*u - 119. What is k(3)?
-5
Let z(y) = y**2 - 4*y - 8. Calculate z(7).
13
Let r(f) = f**3 - 23*f**2 + 24*f - 26. Calculate r(22).
18
Let v(b) = -b**2 + 4*b + 2. What is v(7)?
-19
Let d(q) = q**2 + 3*q - 36. Give d(-8).
4
Let n(w) = w**3 + 14*w**2 - 95*w - 6. Calculate n(-19).
-6
Let b(d) = d - 17. Determine b(11).
-6
Let q(l) = 11*l**2 + 16*l - 6. Determine q(-5).
189
Let a(t) = t**3 - 14*t**2 - 62*t + 194. What is a(17)?
7
Let i(t) = t**3 + 2*t**2 - t. Determine i(-3).
-6
Let s(o) = o**3 - 5*o**2 - 14*o + 6. Give s(7).
6
Let n(k) = 2*k**2 - 33*k + 29. Determine n(16).
13
Let g(j) = j**3 + 12*j**2 + 9*j - 23. Calculate g(-11).
-1
Let d(z) = -2*z**3 + 2*z**2 + 3*z + 2. Determine d(2).
0
Let z(y) = 3*y**2 - 5*y - 2. Give z(-1).
6
Let s(v) = -4*v - 17. What is s(-4)?
-1
Let l(d) = 14*d**3 - d**2 + d - 2. Calculate l(1).
12
Let f(n) = -46*n + 1. Give f(3).
-137
Let m(x) = x**3 + 3*x**2 - 4*x - 10. Give m(-4).
-10
Let m(v) 